 List the prime factors of a.
3, 5
Suppose k + 0*a + 4 = 5*a, 5*a - 48 = -3*k. List the prime factors of k.
11
Let v(o) = 22*o + 1. Let i = 6 + -4. Let h be v(i). Suppose 49 = 4*l + l - 4*u, 0 = -5*l + 5*u + h. What are the prime factors of l?
13
Let g be 0/((-6)/(-2))*-1. Suppose p - 3*v = -g - 7, -4 = -4*p + 4*v. Suppose 0*l - p = -l. What are the prime factors of l?
5
Suppose 5*t - 57 = 5*o - 7, 5*o = 2*t - 14. Suppose p = -4 + t. List the prime factors of p.
2
Let v(d) = -d**2 + 11*d - 11. Let t be v(10). Let j = 6 + t. What are the prime factors of j?
5
List the prime factors of 81 + 8/(-2) + 1.
2, 3, 13
Suppose 0*d + d = 52. What are the prime factors of d?
2, 13
Let g(f) = -f + 6. Let b(i) = -5*i**2 + i + 1. Let h be b(-1). What are the prime factors of g(h)?
11
Let l(w) = w**2 - 2*w + 5. What are the prime factors of l(4)?
13
Suppose -7*t + 8*t - 8 = 0. Suppose n = -0 + 4. Suppose -n*x = -0*x - t. What are the prime factors of x?
2
Let l = 81 + 23. List the prime factors of l.
2, 13
Suppose n = -0*n - 3. Let v = n - -5. Suppose -3*i + 19 = -v. What are the prime factors of i?
7
Suppose 6*w - 3*w = 39. Let t = 0 + w. Suppose 5*s = -7 - t, -4*b + 5*s = -40. What are the prime factors of b?
5
Suppose 2*r - 4 + 110 = 3*x, 3*r - 39 = -x. List the prime factors of x.
2, 3
Suppose 19 = 3*z + 55. What are the prime factors of (-44)/(-3)*z/(-8)?
2, 11
Suppose -3*p + 512 = 5*p. What are the prime factors of p?
2
Suppose 9 = -3*y - 0*y. What are the prime factors of (3/(-5))/(y/45)?
3
Suppose -2*y + 69 = -99. What are the prime factors of y?
2, 3, 7
Let x(y) = -y**3 - 5*y**2 + 7*y + 9. Let c be 2/(-2 + (-10)/(-6)). What are the prime factors of x(c)?
3
Suppose -4*n = -3*w - 6, 3*n + 0*n = w - 3. What are the prime factors of (w + 4)*(-11)/2?
11
Suppose -33*j = -37*j + 524. What are the prime factors of j?
131
Suppose 4*j = -j + 30. Suppose 0 = 3*t - 4*m + j, -5*t - 5 = -0*t - 5*m. List the prime factors of t.
2
Suppose -5*x + 7 = -3*z, -4*x = -5*z + 4*z. What are the prime factors of (-469)/(-35) + z/10?
13
Suppose 0 = -2*f + 33 + 59. What are the prime factors of f?
2, 23
Suppose 3*b - r - 643 = 44, 2*b + 4*r - 444 = 0. What are the prime factors of b?
2, 3, 19
Let v = -1 - -1. Let n = v - -7. Suppose -7 - n = -z. List the prime factors of z.
2, 7
Suppose 5*d - 3 = -13. Let s = 21 + d. Suppose 2*v = s + 1. What are the prime factors of v?
2, 5
Let m(f) = f**3 - 11*f**2 + 14*f - 29. What are the prime factors of m(12)?
283
What are the prime factors of 180*(48/20 + -2)?
2, 3
Let z = 55 - 32. List the prime factors of z.
23
Let t(n) = -n**3 - 4*n**2 - 4*n + 1. Let c be t(-3). Suppose u - m = m + c, m = u - 8. List the prime factors of u.
2, 3
Let s be (-9)/(-12) + (-15)/4. Let v(u) = u**3 + u**2 - u - 1. Let h be v(2). Let z = h + s. List the prime factors of z.
2, 3
Let l(v) = -v - 4. Let p be l(-8). Suppose -3*g - 42 = p*d - 6*d, -4 = -2*g. List the prime factors of d.
2, 3
Let z(n) = -n**2 - 6*n - 3. Suppose 2*r + 3*r = -25. What are the prime factors of z(r)?
2
Suppose -4*w - w = -3*t - 10, 2*t - 10 = -5*w. Suppose -m - 6 = -w*m. Let i = 10 - m. What are the prime factors of i?
2
Suppose -z = 3*z + 2*l - 126, -3*l = z - 29. What are the prime factors of z?
2
Let z(w) = 5*w**2 - 2*w - 6. What are the prime factors of z(-3)?
3, 5
Let c(h) = 8*h**2 - 1. Suppose 3*u - q + 8 = -0*q, -3*q = 4*u - 11. What are the prime factors of c(u)?
7
Suppose -3*v + 20 - 2 = 0. Let p(t) = 6*t - t - 3*t - 3. What are the prime factors of p(v)?
3
Let l(g) = 4*g**2 + 7*g - 2. Let x(j) = -5*j**2 - 8*j + 3. Let f(c) = 3*l(c) + 2*x(c). List the prime factors of f(-4).
2, 3
Let o(c) = -c**3 + 5*c**2 - 2*c - 2. List the prime factors of o(3).
2, 5
Let r be -1 + 4 + 27/(-3). Let b be (-32)/r - 2/(-3). Suppose -4*h + b = -2. List the prime factors of h.
2
Let i = -15 + 64. Suppose -3*d + 12 = 2*b, -2*d - i = -2*b - 3*b. Let w(n) = n - 3. List the prime factors of w(b).
2, 3
Let i = 10 - 6. Suppose 2*g - i*p = p + 51, 53 = 2*g - 3*p. Suppose q - g = -q. List the prime factors of q.
2, 7
Suppose -2*p + 4 = 2*p. List the prime factors of (-22)/(-10) - p/5.
2
Suppose 0 = w - 2*w - 10. Let u = 2 + -1. What are the prime factors of (1 + w)/(u/(-1))?
3
Suppose 0 = -2*w + 3*w - 6. Let d(t) = -w + 4*t + 3 - 1. List the prime factors of d(3).
2
Let p(g) = g**3 + 4*g**2 + 2*g + 3. Let a be p(-4). Let f be 3 - (9/(-3) - a). Suppose -f - 3 = -v. What are the prime factors of v?
2
Suppose -2*d = 2*d - 268. Let h = d + -23. Suppose -h = -5*k + p, k - 38 = 5*p - 10. What are the prime factors of k?
2
Suppose -6*t + 425 = -829. What are the prime factors of t?
11, 19
Let i(b) = b - 11. Let z be i(15). Suppose 3*w + 14 - 59 = 3*l, z*l - 12 = 0. List the prime factors of w.
2, 3
Suppose 0 = j - 2*j + 21. Suppose 4*i - i = -j. Let y = i - -12. List the prime factors of y.
5
Let l(g) = g**3 - 8*g**2 + 6*g - 7. List the prime factors of l(8).
41
Suppose -3*k + 372 = 2*m, -8*k + 3*m = -5*k - 357. What are the prime factors of k?
2, 61
Suppose -5*c + 137 = -1058. Suppose c = 5*l + t, 0 = l - 5*l - 2*t + 196. List the prime factors of l.
47
Let b be 50 + (0 - (-2)/(-2)). Suppose 9 = -5*w + 2*l + 39, 5*w = 4*l + 40. Suppose -2*c + 54 = c + 5*s, -w*c + s = -b. What are the prime factors of c?
13
Let s(i) = -33*i + 5. Let c be s(-4). Suppose c = 4*r - d + 2*d, -56 = -2*r + 2*d. What are the prime factors of r?
3, 11
Let s = -13 - -55. List the prime factors of s.
2, 3, 7
Let u(l) = l**2 - 3*l. Let b be u(5). Let v = 25 - b. What are the prime factors of v?
3, 5
Suppose h + 4 = 2*h. Suppose -h*z + 58 = -2*z. Let v = z - 13. What are the prime factors of v?
2
Let v(k) = k**3 + 6*k**2 - k - 4. Let t be v(-6). List the prime factors of (9 - -6) + -1*t.
13
Let b = 5 - 3. Suppose -13 = -b*l + 17. Suppose 2*d - 6 = y + l, 4*d = -4*y + 36. List the prime factors of d.
2, 5
Let g = -1 - -4. Let a = g - -1. Suppose 3*z + a = -m, 0 = -5*m + z + 6 + 22. What are the prime factors of m?
5
Let h(n) = -n**3 - 9*n**2 - 5*n - 4. Let w(k) = -k**3 - 10*k**2 - 6*k - 4. Let p(d) = -6*h(d) + 5*w(d). List the prime factors of p(-4).
2
Suppose -2 - 2 = -2*k. What are the prime factors of k - ((-3)/3 - 1)?
2
Let y(z) = z + 9. Let u be y(-8). Suppose 0 = 2*a - s - 10, -a + 3 - u = s. List the prime factors of a.
2
Suppose -4*y - 100 = -14*y. What are the prime factors of y?
2, 5
Let r = 1 - 1. Let h = r + 2. Suppose h*q - 10 = 6. What are the prime factors of q?
2
Let b(m) = -m**3 + m**2 + m + 9. Let s(l) = l - 3. Let f be s(3). Suppose 5*c = -f*c. What are the prime factors of b(c)?
3
Let s(g) = 2*g + 10 + g**3 - 3 + 7*g**2 + 3*g. Let c = -2 + -4. What are the prime factors of s(c)?
13
Suppose 3*f - m = 13, 0 = -2*f - f - 4*m + 8. Suppose -3*j = j - f. List the prime factors of 6/(-3 + j) + 12.
3
Suppose 4*h + 2*l = 50, -45 = -4*h + l + 2*l. What are the prime factors of h?
2, 3
Let w be ((-15)/(-5))/(3/(-2)). Let k be (-45)/(-10) + w/4. Suppose 5*b + 3*y = 1 + 4, k*b - 36 = 4*y. What are the prime factors of b?
2
Suppose -3*g + 191 = 5*u, 329 = 5*g - 0*u + 3*u. Suppose 5*w + 2*z - g = 0, z - 27 = 2*w - 4*w. List the prime factors of w.
13
What are the prime factors of (231 - 3) + 4*(0 - -1)?
2, 29
Suppose -h + 4*h = 30. Suppose -3*f = 5*u - h + 1, 3*u = 5*f - 49. List the prime factors of f.
2
Let n = 82 + -16. Suppose -10 = 2*c, 5*h + n = -5*c + 256. What are the prime factors of h?
43
Let i = 29 + -19. Let v = -213 + 127. What are the prime factors of v/(-7) - i/35?
2, 3
Let d be 2/(1/(-8)*-4). Suppose -q = d*q - 45. List the prime factors of q.
3
Let l be (-2)/(-6) + (-2)/6. Let c be (-15)/12*12/(-3). Suppose c*f = -l*f + 60. What are the prime factors of f?
2, 3
Let r = -50 - -204. List the prime factors of r.
2, 7, 11
Let l(d) = d**3 - 12*d**2 - 11*d + 16. Let c be l(13). Let o = c - 29. List the prime factors of o.
13
Let c = 1 - -3. List the prime factors of c.
2
Let c(z) = 2*z + 3. Let a be c(5). Suppose g - 19 = a. What are the prime factors of g?
2
Let t(m) = -2*m**2 + 6*m**2 + m**2. What are the prime factors of t(-1)?
5
Suppose 0 = 4*l - 4*o + 4, 5*l + 13 = 4*l - 5*o. What are the prime factors of (l - 3)*(-2)/4?
3
Let r(l) = 3*l**3 - 11*l**2 + 7*l - 4. What are the prime factors of r(5)?
131
Suppose 2*a = 